 9)
2
-4 + 4 + 0 + 5
5
What is the value of (5 - (-7 + 5)) + -5 - 8?
-6
What is (-4 - -1) + -3 - (0 + -4)?
-2
What is -2 + (-5 - (0 + (-13 - 0)))?
6
What is 20 + (-7 + 9 - 12)?
10
-3 - (4 - 11 - 0)
4
Calculate (-8 - (0 - 2)) + 36 + -34.
-4
Calculate 1 - (7 + 1) - -3.
-4
What is the value of -3 + 5 + -3 + 1?
0
Evaluate 14 - (0 - (-1 - 3)).
10
What is the value of (-4 - -3) + -1 - -2?
0
What is the value of -1 - (-1 - -1) - 4?
-5
Evaluate (8 - (-5 - (6 + -7))) + -5.
7
What is the value of 7 + (-1 - (6 + -4))?
4
What is -3 + 0 - (4 - 10)?
3
Evaluate 6 - (5 + -9 + 4) - 2.
4
-3 + 6 - (-1 - -2)
2
Calculate -7 + (9 - 1) + 5.
6
What is the value of 1 + (-7 - (2 + -2 + -2))?
-4
What is (-2 - -5) + -3 + -2 + 1?
-1
-27 + 30 - ((2 - -1) + -3)
3
-11 - (-8 + 6 - 5)
-4
What is the value of -1 + -1 - (18 - 16)?
-4
Calculate 1 - (1 + -1 + 6).
-5
What is 0 + -6 - (10 + -10)?
-6
1 + (3 - 5) - -4
3
What is 8 + -2 - (-4 - (-7 + 2))?
5
Evaluate 5 + (-4 + 4 - 1).
4
2 + 5 + -4 + -6
-3
What is the value of -1 + -7 - -1 - (-24 + 22)?
-5
What is -4 + 0 - 1 - -15?
10
Calculate -10 - (4 + -15 - -4).
-3
Evaluate 14 - 16 - (-2 + -2 + -1).
3
What is (17 - 15) + (2 - 0)?
4
What is the value of -7 + 1 + (4 - 3)?
-5
Evaluate 3 + -2 + (-1 - -2).
2
What is 12 + -8 + -5 + 0 - 0?
-1
Evaluate 3 - (-2 - -5 - -4).
-4
Calculate -7 - (2 - (5 + 6)).
2
-2 + 0 + (2 - -7) - 2
5
Evaluate 3 + (-4 - -1) - 3 - 2.
-5
Evaluate -3 + -1 + -3 + 12 + 1.
6
What is the value of 3 - (1 - -2) - -3?
3
Evaluate (-2 - -5) + -4 - -2.
1
4 + -9 + -1 + 3
-3
What is (-63 - -67) + 5 + -1?
8
Calculate (-26 - -6) + -1 + 11.
-10
What is 4 + -4 + (-1 - 3)?
-4
1 + -3 - (1 + -6) - 7
-4
What is the value of 0 - 0 - (14 - 9)?
-5
What is the value of 2 - -4 - (60 - 54)?
0
What is the value of 8 + (0 + 0 + -1 - 2)?
5
Calculate 3 - (-3 + 3 - -1) - 1.
1
What is the value of 4 + 1 + (12 - 11) - 3?
3
Calculate (-2 - -1 - -4) + -4.
-1
(-1 - -1) + (9 - 11)
-2
4 + -5 + (-6 - -8 - 5)
-4
(-4 - -4) + (0 - 2)
-2
Evaluate -7 + (-9 - -11) + -1 + 3.
-3
What is the value of (-2 - 3) + 2 - -5?
2
What is the value of 1 + (-3 - 1) + 6?
3
Evaluate 1 - -10 - ((-5 - 11) + 22).
5
Calculate 7 - (3 - -2) - -1.
3
What is 5 - 3 - (-4 - (7 + -10))?
3
What is the value of -2 - (9 + -7 - 1 - 11)?
8
-5 - -7 - -3 - 3
2
What is the value of -4 + -1 + 1 - (-117 - -110)?
3
3 + -1 + 3 + -9
-4
What is -6 - (-4 + (3 - (1 + 4)))?
0
What is -1 + -5 + (10 - 1) - 4?
-1
Calculate -5 - -6 - (-2 + 2).
1
Calculate 16 + -20 - (2 - -1).
-7
Calculate 2 - (3 + (4 - (7 - 0))).
2
Calculate (-25 - -15 - -16) + -1 + -4.
1
Evaluate ((0 - 7) + 13 - 7) + 8.
7
Evaluate 4 + 4 + (-14 - -11).
5
Evaluate -3 + (1 + 2 - (3 - -1)).
-4
Calculate 10 - (1 + (-1 - -6)).
4
What is the value of (4 + 2 + 2 - -1) + -3?
6
Evaluate 5 + -8 + 3 + 3 + 2.
5
(-1 - -3) + -3 - (0 + 1)
-2
Calculate -3 + (-3 - -1) + 3.
-2
What is the value of -4 - (-7 - (-4 + 5))?
4
Calculate (0 - 0 - 2) + (-2 - 0).
-4
Evaluate -6 + 11 + -7 + 9.
7
Calculate -9 + -10 + 5 + 11.
-3
What is -19 + 14 + 7 + -1?
1
What is -7 + 0 + 0 + 6?
-1
-4 + 3 - (-6 + 3 + 1)
1
What is 1 - (6 + 4 + 0 + -4)?
-5
Evaluate (2 - (2 + (-3 - 1))) + -4.
0
Evaluate 3 - (3 + 1 - (-10 - -6)).
-5
Calculate 2 + (1 + 1 - (-29 + 26)).
7
What is the value of (-4 - -4) + -5 + 2?
-3
What is 15 + (-2 - 2) + 1 + -7?
5
Calculate 5 - ((-3 - -6) + 3).
-1
Calculate 2 - (-4 - (-4 + -1 + -1)).
0
What is 7 - (3 - (13 - 6 - 6))?
5
Evaluate -2 + (4 - 12) + 5 + -1.
-6
-2 + (-3 - -3) + 4
2
(5 - (7 - -6)) + 5
-3
Calculate -10 - (9 - 7 - 10) - -3.
1
What is 0 + (-4 - -2) + (-101 - -98)?
-5
What is (-1 + 3 - (1 - -7)) + 2?
-4
What is the value of (-2 + 11 - 2) + -8?
-1
What is -10 - (-9 + 1 + -9)?
7
-5 + (5 - 6 - (-8 - 0))
2
Calculate -19 + -7 + 3 + 14.
-9
Calculate 7 - (-1 + (4 - -1) + -1).
4
What is the value of -3 + 5 + (-5 - -6)?
3
-1 + 1 + (2 - 6 - -9)
5
Calculate -12 - (-24 - (-12 - -2)).
2
What is the value of -2 + 0 + 0 + 0 - 4?
-6
-5 - ((2 - 5) + 2 + -1)
-3
What is the value of (-1 - 0) + 6 + 0?
5
What is -3 + 5 - (-5 - -11)?
-4
Evaluate (14 - 15) + (-4 - -5).
0
What is 0 + 3 + -1 + 2?
4
What is the value of -1 + (-2 - -4) + -4?
-3
0 + -8 + (5 - 5) + 3
-5
What is the value of (-6 - -2) + -6 + 11 + -5?
-4
What is the value of -11 + -7 + 15 + 1 + -3?
-5
(2 - 6) + 7 - (-3 - 0)
6
Evaluate (-14 + 2 - -5) + 2.
-5
Calculate (6 - 0 - 7) + (-5 - 1).
-7
What is (5 - 5 - -7) + -1 + -4?
2
What is the value of 12 + -13 - (5 - -1) - -17?
10
Evaluate -9 - (4 + -4 + -5).
-4
-1 - (-2 + -1) - (1 + 1)
0
-13 - -5 - -6 - (2 + -1)
-3
-3 + 7 - (-8 - -5)
7
Calculate (0 - (2 - -2 - 9)) + -7.
-2
Calculate -10 + (10 - 9) - -8.
-1
Calculate -6 + 5 + 3 + 2.
4
Evaluate 2 - (-5 + 2 + 2) - -2.
5
What is 2 + 2 - (8 - 5 - -3)?
-2
What is the value of -5 + (3 - -13) - 8?
3
What is -11 - (7 - (0 + 18))?
0
What is the value of 0 + (-3 - 5) + 3 + 10?
5
What is the value of 0 + (5 + -2 - 7)?
-4
Calculate -5 + (-7 - -17 - 4) + -9.
-8
What is the value of 3 - (-2 - -1) - (3 - -5)?
-4
Evaluate -1 - -10 - (-30 - -35).
4
Evaluate 8 + (-10 - (6 + -6)).
-2
What is -37 + 34 - (1 - 0)?
-4
5 - -2 - (0 - (-7 - -5))
5
-6 + (-1 - 2) + 4
-5
Calculate 4 + -4 + (-2 - 2) - -3.
-1
What is (-12 - -13 - (-1 - 0)) + -2?
0
What is -17 + (6 - -4) - -15?
8
Evaluate -3 + 9 + 0 + -3 - 5.
-2
What is (13 - 6) + -5 + 0?
2
Calculate -5 - (-8 + 3) - -1.
1
Evaluate 6 + -13 + 18 + 1 + -5.
7
Calculate -8 + 2 - -1 - -11 - -3.
9
-7 - (1 + 0 - 3) - -3
-2
Evaluate 2 - 2 - 4 - (-126 + 122).
0
Evaluate -1 + -3 + (-3 - -2 - -2).
-3
Calculate (1 - -1 - (7 - 8)) + 6.
9
What is 0 + 2 + (-1 - -4)?
5
Calculate 2 + (2 - 5) - (-2 - 2).
3
What is -10 + 17 - (-4 - -16)?
-5
What is the value of 5 - ((6 - (-4 + -6)) + -3)?
-8
What is 1 + -3 + (23 - 20)?
1
What is 5 + (7 - 17 - -4) + 4?
3
(-62 - -62) + (1 - 10) + 5
-4
What is the value of (-13 - -9 - 1) + 1 + 2?
-2
46 + -47 - (0 - 2)
1
What is the value of (7 - 5) + (-7 - (2 - 2))?
-5
(3 - 7 - -3) + 9
8
3 + 5 - (2 + 5)
1
What is the value of 17 - 7 - (-5 + 16)?
-1
Calculate -3 + (-3 + 4 - 1) - -1.
-2
What is (-6 - -10 - (10 + -1)) + 9?
4
Calculate (6 - 16) + 2 + 0.
-8
Evaluate 0 + -2 - (-5 - -2) - -3.
4
-14 - (26 - 47) - (1 + 0)
6
What is the value of -3 - (0 + -3) - (-1 - 2)?
3
Evaluate -1 - (-2 - 12 - -13).
0
Evaluate -7 - (-2 - 1 - (61 + -65)).
-8
What is (2 - (-4 + 1 + 4)) + 4?
5
What is (5 - (3 + 1)) + 2 + -4?
-1
8 - 8 - (2 + -4) - 2
0
What is 6 - (11 + 6 + -3) - -1?
-7
What is 41 + -35 + -1 + 1 + -2?
4
What is 8 - (6 + -1 - (5 + -5))?
3
Evaluate 2 + 2 - (-9 - -9).
4
Evaluate 3 + (3 - 3) + (1 - 0).
4
Calculate (4 - 1) + 6 + (1 - 5).
5
Calculate 13 + -5 + 11 + -11.
8
What is the value of -2 + 6 - (8 + (-6 - -2))?
0
What is the value of (3 + -2 - 1) + -6 + 1?
-5
What is 92 + -108 + -2 + 17?
-1
What is -2 - -5 - (6 + -4) - -1?
2
What is 1 - (4 - 6) - -4?
7
Evaluate 10 - (8 + 1 + 33 + -41).
9
What is the value of -3 - (-5 - (4 - 3))?
3
Evaluate 1 + -3 - (-5 - -3).
0
9 + 10 + 11 + -24
6
What is the value of -3 + (4 - (-8 + 4 + 2))?
3
Calculate 5 - 2 - (2 - (0 + 0)).
1
What is the value of -40 + 49 + -6 + -1?
2
What is the value of 2 + -2 + (-1 + 18 - 12)?
5
What is the value of 10 + -25 + 4 + 9?
-2
Calculate -7 + 6 + -2 + -1.
-4
-6 + 9 + (-5 - -2 - -4)
4
What is the value of 0 + 3 - (-2 + 6)?
-1
What is the value of -8 + -4 + 11 + -5 + 12?
6
Calculate 1 + (6 - (-4 - -8)).
3
Evaluate -2 + 8 + (0 + -5 - 0).
1
What is (-1 - 1) + 1 + 10 + -5?
4
Evaluate (2 - 0) + -1 + 1 + 2.
4
Evaluate 0 + (-1 - -1) - -2.
2
What is the value of 6 - (6 - 8 - -11)?
-3
-7 + -13 + 5 + 18
3
Calculate -13 + 7 - -7 - (6 - -2).
-7
Calculate (-7 + 6 - 0) + -2 + 4.
1
Calculate -1 + (7 - 10) + -3.
-7
What is the value of 26 + -27 + (-1 - -1) + 3?
2
What is the value of (8 - 17) + 0 + 7?
-2
Evaluate 4 - 1 - (3 - (15 - 6)).
9
Evaluate -1 + 1 - (9 - 8 - -4).
-5
2 + (-4 - -7) + -2
3
Evaluate (-10 - 1) + 2 + 3.
-6
Calculate 1 - -1 - (-7 + 9).
0
What is (-16 - -18) + -7 + 1?
-4
What is the value of 4 - (8 + -22 + 10)?
8
What is the value of -1 + 4 + -3 + 1?
1
What is the value of 7 - (-18 + 6 + 10)?
9
Evaluate 8 - (32 + -29 - (-2 + 1)).
4
Evaluate 12 - (8 + 9 + -8).
3
What is the value of (-77 - -73) + 8 + -1?
3
Calculate -5 - (-2 - (7 + 0 + -8)).
-4
Evaluate (1 - 4 - (-1 - 0)) + 3.
1
Calculate (6 - 4) + (-2 - 4).
-4
What is the value of 